9329835?
5, 29, 5305723
List the prime factors of 61998437.
41, 109, 13873
What are the prime factors of 77849721?
3, 2883323
What are the prime factors of 49808272?
2, 19, 59, 2777
List the prime factors of 17945096.
2, 13, 1021
List the prime factors of 4398093.
3, 7, 9973
List the prime factors of 19646760.
2, 3, 5, 7, 19, 1231
What are the prime factors of 4042190611?
313, 12914347
What are the prime factors of 3463310?
2, 5, 346331
List the prime factors of 10741166.
2, 211, 25453
List the prime factors of 633284905.
5, 11, 743, 15497
List the prime factors of 21872016.
2, 3, 67, 2267
List the prime factors of 2424154626.
2, 3, 47, 2865431
What are the prime factors of 4961592882?
2, 3, 47, 101, 58067
List the prime factors of 13041310.
2, 5, 1304131
What are the prime factors of 37749253?
367, 102859
What are the prime factors of 131318101?
19, 233, 29663
What are the prime factors of 186189138?
2, 3, 3447947
List the prime factors of 3833150327.
17, 225479431
What are the prime factors of 80353799?
43, 1868693
What are the prime factors of 59794626?
2, 3, 79, 101, 1249
List the prime factors of 5024197691.
5024197691
List the prime factors of 90510137.
90510137
What are the prime factors of 362706971?
11, 32973361
List the prime factors of 39493058.
2, 11, 19, 107, 883
What are the prime factors of 345085428?
2, 3, 31, 927649
What are the prime factors of 124916781?
3, 11, 3785357
List the prime factors of 1043774270.
2, 5, 7, 11, 23, 58937
What are the prime factors of 2206605518?
2, 13, 571, 148633
List the prime factors of 342788034.
2, 3, 17, 3360667
List the prime factors of 1597577391.
3, 59169533
List the prime factors of 1503857979.
3, 13, 211, 60917
List the prime factors of 196207722.
2, 3, 397, 27457
List the prime factors of 13332042.
2, 3, 23, 32203
List the prime factors of 19126524.
2, 3, 23, 131
List the prime factors of 324596857.
13, 53, 193, 2441
What are the prime factors of 205489298?
2, 7, 14677807
What are the prime factors of 337069851?
3, 31, 3624407
List the prime factors of 525308.
2, 7, 73, 257
What are the prime factors of 416567637?
3, 653, 23627
What are the prime factors of 1579729377?
3, 526576459
What are the prime factors of 46455842?
2, 23227921
List the prime factors of 14941034.
2, 1949, 3833
What are the prime factors of 7296428845?
5, 103, 14167823
List the prime factors of 155435539.
7, 17, 1306181
List the prime factors of 56704283.
73, 197, 3943
List the prime factors of 3558671045.
5, 12107, 58787
List the prime factors of 2409205810.
2, 5, 11, 4657, 4703
List the prime factors of 53100804.
2, 3, 1283, 3449
List the prime factors of 180365165.
5, 36073033
List the prime factors of 420551852.
2, 7, 19, 29, 27259
List the prime factors of 589021628.
2, 13, 23, 587, 839
List the prime factors of 763232478.
2, 3, 127205413
List the prime factors of 70977545.
5, 14195509
What are the prime factors of 2876258156?
2, 113, 193, 32971
What are the prime factors of 755167233?
3, 41, 2089, 2939
List the prime factors of 1396037513.
13, 173, 3673
List the prime factors of 1450112245.
5, 290022449
What are the prime factors of 632745568?
2, 7, 13, 151, 1439
List the prime factors of 63698682.
2, 3, 37, 83, 3457
List the prime factors of 239044503.
3, 31, 2570371
List the prime factors of 113105012.
2, 17, 1663309
List the prime factors of 5215300458.
2, 3, 191, 4550873
What are the prime factors of 113214179?
13, 19, 458357
What are the prime factors of 104419505?
5, 20883901
What are the prime factors of 3535600738?
2, 17, 3847, 27031
List the prime factors of 759935560.
2, 5, 43, 61, 7243
List the prime factors of 107971974.
2, 3, 11, 67, 2713
List the prime factors of 1533093931.
3931, 390001
List the prime factors of 35157071.
17, 2068063
What are the prime factors of 1120916868?
2, 3, 23, 97, 149, 281
List the prime factors of 510803324.
2, 127700831
List the prime factors of 29273278.
2, 53, 157, 1759
What are the prime factors of 123789096?
2, 3, 1719293
What are the prime factors of 35433516?
2, 3, 2952793
What are the prime factors of 2847416170?
2, 5, 1709, 166613
List the prime factors of 14732850.
2, 3, 5, 11, 8929
What are the prime factors of 252704011?
7, 103, 463, 757
What are the prime factors of 111179956?
2, 27794989
List the prime factors of 4267843637.
23, 185558419
List the prime factors of 375143508.
2, 3, 79, 43969
What are the prime factors of 3522781607?
1201, 1609, 1823
List the prime factors of 31944853.
17, 1879109
List the prime factors of 208092278.
2, 104046139
List the prime factors of 304291989.
3, 139, 243239
List the prime factors of 11396282.
2, 31, 397, 463
List the prime factors of 6358233677.
71, 199, 619, 727
List the prime factors of 3036169176.
2, 3, 126507049
What are the prime factors of 678309?
3, 226103
What are the prime factors of 24908749?
24908749
What are the prime factors of 23604313?
17, 89, 15601
What are the prime factors of 7309873576?
2, 913734197
List the prime factors of 467389724.
2, 139, 389, 2161
List the prime factors of 4170689765.
5, 11, 37, 751, 2729
List the prime factors of 746348756.
2, 17, 29, 37, 53, 193
List the prime factors of 119163917.
41, 397, 7321
What are the prime factors of 959482516?
2, 17, 29, 193, 2521
List the prime factors of 77359152.
2, 3, 13, 123973
List the prime factors of 69698230.
2, 5, 7, 31, 32119
List the prime factors of 52300842.
2, 3, 11, 853, 929
List the prime factors of 11556399.
3, 3852133
What are the prime factors of 54457812?
2, 3, 601, 839
What are the prime factors of 103015566?
2, 3, 5723087
What are the prime factors of 14721765?
3, 5, 981451
List the prime factors of 36741055.
5, 13, 565247
What are the prime factors of 394616308?
2, 17, 41, 59, 2399
What are the prime factors of 1879605441?
3, 7, 421, 70867
What are the prime factors of 55888598?
2, 31, 901429
What are the prime factors of 52143109?
131, 398039
What are the prime factors of 854873349?
3, 11, 19463
What are the prime factors of 1758138378?
2, 3, 12941, 22643
List the prime factors of 44016903.
3, 7, 41, 17041
List the prime factors of 67313569.
67313569
What are the prime factors of 35759016?
2, 3, 165551
List the prime factors of 190361169.
3, 21151241
What are the prime factors of 23522416?
2, 1470151
What are the prime factors of 43962158?
2, 21981079
What are the prime factors of 124767941?
10079, 12379
List the prime factors of 101770284.
2, 3, 7, 11, 83, 1327
What are the prime factors of 228416598?
2, 3, 469993
What are the prime factors of 7978519218?
2, 3, 1329753203
What are the prime factors of 177282735?
3, 5, 7, 23, 10487
What are the prime factors of 1372792633?
29, 47337677
What are the prime factors of 111903201?
3, 139, 3313
List the prime factors of 2793974185.
5, 558794837
List the prime factors of 326756609.
17, 19220977
List the prime factors of 786413592.
2, 3, 3221, 3391
List the prime factors of 996527165.
5, 17, 1511, 7759
What are the prime factors of 53916503?
17, 3171559
List the prime factors of 86364398.
2, 43182199
What are the prime factors of 643627670?
2, 5, 7, 383, 24007
List the prime factors of 1278593176.
2, 7, 173, 271, 487
List the prime factors of 355796190.
2, 3, 5, 43, 89, 1033
List the prime factors of 452591444.
2, 31, 3649931
List the prime factors of 25275074.
2, 11, 1148867
What are the prime factors of 66341295?
3, 5, 491417
List the prime factors of 30341129.
7, 13, 333419
List the prime factors of 17699441.
137, 129193
List the prime factors of 326251080.
2, 3, 5, 17, 53309
What are the prime factors of 222922915?
5, 19, 123503
List the prime factors of 48076210.
2, 5, 7, 13, 23, 2297
List the prime factors of 27304575.
3, 5, 151, 2411
List the prime factors of 1291619671.
23, 56157377
What are the prime factors of 23143034?
2, 61, 189697
What are the prime factors of 864333107?
11, 78575737
What are the prime factors of 45706665?
3, 5, 127, 23993
List the prime factors of 54987560.
2, 5, 41, 33529
What are the prime factors of 23817189?
3, 11, 721733
What are the prime factors of 5997196302?
2, 3, 73, 97, 141157
What are the prime factors of 212882416?
2, 227, 58613
What are the prime factors of 1170005152?
2, 1523, 24007
What are the prime factors of 22515364?
2, 5628841
W